alculate the greatest common divisor of 41 and y.
41
Let q = 113 - 49. Let h be 8*((2 - (0 - -2)) + 2). What is the highest common factor of h and q?
16
Let p = 3 + 13. Suppose 2*d = -s + 20, -3*s + 4*d = -43 + 3. Calculate the greatest common factor of s and p.
16
Let k(v) = v + 33. Suppose 0 = 3*y - 5*d - 0*d + 8, -y = 4*d + 31. Let t be k(y). What is the greatest common factor of t and 176?
22
Let b(q) = 26*q**2 - 11. Let w be b(4). Calculate the greatest common divisor of 90 and w.
45
Suppose -3*l - 803 = -6*l - 4*m, 246 = l - 3*m. Let r = l - 181. Let x be 31 + 0 + 1 + 0. What is the greatest common factor of r and x?
16
Let d be (30/(-18))/(5/(-54)). Let o be 2768/14 + (-4)/(-14). What is the greatest common divisor of o and d?
18
Let k be 1/3 - 4/(-6). Let o(x) = -12*x - 1. Let d be o(-2). Let c = d + -18. Calculate the greatest common divisor of c and k.
1
Let g be ((-29)/29)/((-1)/48). What is the greatest common factor of 16 and g?
16
Let h(u) = 206*u - 218. Let t be h(3). Calculate the greatest common factor of t and 320.
80
Suppose 2*u - 158 = -3*y + 7, 5*u - 419 = -y. Let w = 201 - u. Let i be -2 - 0 - -13 - -2. What is the highest common factor of w and i?
13
Let j = 23 + -18. What is the greatest common factor of j and 65?
5
Suppose 3*y - 2*o = 4*y - 20, -5*o = 5. Let p be (-2)/4*y*-19. Suppose 0*z = z - p. Calculate the highest common factor of z and 19.
19
Let f(g) = 87*g + 1. Let z be f(1). Suppose -203 - 749 = -2*b. Let l be b/21 + 8/(-12). What is the highest common divisor of l and z?
22
Suppose 0 = 2*u + 6 - 2. Let p be (u + -1)*(-1)/((-9)/(-33)). Calculate the highest common factor of p and 121.
11
Suppose 15*y = -80 + 455. Calculate the highest common divisor of y and 1.
1
Let q = 21 + -36. Let c be 39 - 7/((-35)/q). What is the highest common factor of c and 4?
4
Suppose -5850 = 1128*y - 1134*y. Calculate the highest common factor of y and 150.
75
Let y = -10 + 14. Let d be 63/8 - 10/(-80). What is the greatest common factor of y and d?
4
Suppose -2*c + 31 = -87. Suppose -4*t + 193 = -c. What is the highest common factor of t and 42?
21
Let u(w) = -w + 15. Let r be u(5). What is the greatest common factor of r and 6?
2
Suppose l = 7 - 11. Let o(c) = -2*c**3 + 5*c**2 + 7*c - 5. Let f be o(l). Calculate the highest common divisor of f and 35.
35
Let o be (-912)/(-14) + (-66)/(-77). What is the greatest common factor of o and 198?
66
Suppose 3 = -p + y, 0 = -2*p - 4*y + 6 + 6. Suppose -z = -p*z - 39. What is the greatest common divisor of z and 351?
39
Let t be 6 + -5 + 110/(-2). Let x = 10 - t. Suppose x = 3*j - 32. What is the highest common divisor of 8 and j?
8
Let d(i) = -5*i**3 + i**2 - i - 1. Let q be d(-1). Suppose 2*t + 42 = 5*p, p - 2*p + 4*t = q. What is the greatest common factor of p and 170?
10
Let q(s) = s**2 - 19*s + 24. Let u be q(21). Calculate the greatest common factor of 264 and u.
66
Let f = -180 + 210. Calculate the greatest common factor of 70 and f.
10
Suppose -7*l + 2235 = -13144. Calculate the greatest common factor of 13 and l.
13
Let o(g) = -3*g**2 - g + 4. Let l be o(4). Let y = 13 + -5. Let b = y - l. What is the highest common divisor of b and 14?
14
Suppose 4*d - 1502 = -3*v, 0*d + v = 3*d - 1133. Suppose 2*n - 4*x + 21 = d, -n = 2*x - 158. Calculate the highest common divisor of n and 24.
24
Let t = 248 + -239. What is the highest common factor of 36 and t?
9
Suppose -39*u - 7*u + 12512 = 0. What is the greatest common divisor of u and 34?
34
Let y = -125 + 225. Calculate the greatest common factor of 10 and y.
10
Let u(j) = -j**3 - 10*j**2 - 5*j - 15. Let l be u(-10). Suppose 43 = -4*s + 3. Let x be (-1)/(-5) - 138/s. What is the greatest common divisor of x and l?
7
Suppose 48 = -4*j + 4*c, -4*c + 3*c + 4 = 0. Let w be (-446)/j + 0 + 4/16. Calculate the greatest common factor of 14 and w.
14
Let m = 504 + -463. What is the highest common divisor of m and 943?
41
Let h(v) = -27*v**2 + 26*v**2 + 6 - 2*v - v. Let s be h(-4). Suppose -3*x = -4*k + 8, 2*x + 4*k - 17 - 11 = 0. Calculate the greatest common factor of s and x.
2
Let a be -4 - (-117 + 0) - 8/(-2). Calculate the highest common divisor of a and 26.
13
Suppose 508 = 8*s - 4*s. Suppose -3*z - v = s, 0 = 3*v + 2 + 1. Let r be (-4)/(2/2) - z. What is the highest common factor of 190 and r?
38
Suppose q = -78 - 0. Let h = q - -103. What is the highest common factor of 20 and h?
5
Suppose -2*p - 140 = -3*x, 0*x = -3*p + x - 196. Let s = -38 - p. Let o = 39 - s. Calculate the highest common factor of o and 52.
13
Let f be 1*46 - (-9 + 13). Suppose -5*s - 2 = -f. What is the highest common factor of 72 and s?
8
Suppose 4*r + 101 = 277. Let i(x) = x - 8. Let s be i(-6). Let p = 25 + s. What is the highest common factor of p and r?
11
Suppose 2*g + 4*n = -2, 2*g - 4*n + 3*n = -2. Let o(p) = -80*p - 3. Let m be o(g). Calculate the greatest common factor of m and 7.
7
Let f be ((-8)/48)/(2/(-4))*9. What is the greatest common factor of f and 1?
1
Suppose 3*i = i + 56. Suppose 5*b = 78 - i. What is the highest common divisor of b and 20?
10
Let o = -3 + 4. Suppose -2*u = d - o, d = 2*d + 5*u + 11. Let n = -163 + 244. Calculate the greatest common divisor of n and d.
9
Let a be (-26)/65 - ((-224)/10 - 0). Suppose 0 = 3*i + 5*n - a - 19, 4*i - n - 47 = 0. Calculate the greatest common divisor of i and 96.
12
Let s = -428 - -661. Suppose -73 - s = -2*b. What is the greatest common factor of 34 and b?
17
Suppose -5*s - 10 = -10*s. Let b(z) = 10*z - 3. Let x be b(s). What is the greatest common divisor of x and 187?
17
Let s(t) = 196*t**2 + 21*t - 22. Let w be s(1). Calculate the greatest common factor of w and 39.
39
Let q be -6*(6 + (-23)/(-9)*-3). Calculate the highest common factor of q and 710.
10
Suppose 239*t = 242*t - 504. Suppose -3*u - 2*r = 4 - 17, 4*r + 9 = -u. What is the greatest common factor of u and t?
7
Suppose -985 - 13415 = -90*f. What is the highest common divisor of 280 and f?
40
Suppose -s = -2*s - 23. Let t(j) = -5*j - 13. Let k be t(-9). Let w = k + s. What is the greatest common factor of w and 27?
9
Let f = 168 + -97. Let y = f + -26. Calculate the greatest common divisor of 36 and y.
9
Let r(y) = 75*y - 220. Let o be r(4). Calculate the greatest common factor of o and 240.
80
Let f = 4 + 7. Suppose 5*n - 1479 = 3*b, 0 = -2*b - 2*b + 8. What is the greatest common factor of n and f?
11
Let v(o) = o**3 - 5*o**2 + 3*o - 11. Let s be v(5). Let i be (-26 + 6)*(-1 + (-18)/s). Calculate the greatest common factor of 22 and i.
22
Let f(z) = -11*z + 2. Let l be f(-2). Suppose -2*m - l = -4*m. Let d = 3 + 15. Calculate the highest common factor of m and d.
6
Suppose -4*y + 2*y - 74 = 0. Let p = y - -43. Calculate the greatest common divisor of 30 and p.
6
Suppose 24*j = 16*j + 80. Calculate the greatest common factor of j and 4.
2
Suppose 0 = 19*g - 21*g + 6. Suppose 5 + g = r. What is the greatest common divisor of r and 8?
8
Suppose -3*v - 3*q + 51 = 0, 5*v - 2*q = -6*q + 87. Suppose 0*r + 4*r + 920 = 0. Let u = r - -401. Calculate the highest common divisor of u and v.
19
Suppose -24 = -2*b - 4*t, 4*b + t = 3*t - 2. Let z be (5/15)/(b/(-318)). Let h = 74 + z. Calculate the highest common divisor of 147 and h.
21
Let q(z) = 2 + 2*z**2 - 9*z - 7 + 12*z. Let f be q(-5). Let u(d) = 56*d - 10. Let w be u(5). Calculate the greatest common divisor of f and w.
30
Let l be 11/((-22)/(-40)) - -4. Suppose 23 = 4*k - 25. What is the highest common divisor of k and l?
12
Let q be (-63)/(-14)*(-2)/(-3). Suppose -18 = -q*j + 6. What is the greatest common divisor of j and 16?
8
Let w(u) = -5*u - 3. Let g = 26 + -28. Let i be w(g). What is the greatest common factor of 7 and i?
7
Let x = 14 - 20. Let o be 3*6/27*x. Let p be 44*((-8)/o)/2. Calculate the greatest common divisor of 11 and p.
11
Let s(t) = -2*t**2 - t + 88. Let r be s(-6). Calculate the highest common factor of 62 and r.
2
Let y(n) = n**3 - 7*n**2 + 9*n + 25. Let w be y(5). Suppose 3*c + 2*o = 22, -4*o - 46 = -5*c + 2*c. What is the highest common divisor of w and c?
10
Suppose 3*r = -17 + 77. Suppose -5*f - 5 = -r. Let t be (2/f)/(6/324). What is the greatest common factor of 4 and t?
4
Let h = -1586 + 1664. What is the greatest common divisor of h and 156?
78
Suppose 14*j =